e greatest common factor of 504 and s?
28
Let y be 4896/432 - (-4)/(-3). Calculate the highest common divisor of 2855 and y.
5
Suppose 66*c = -6*c - 28*c + 14900. Calculate the greatest common factor of c and 149.
149
Let c = 1872 - 1859. Calculate the highest common divisor of 260 and c.
13
Suppose 3*o - 114 - 57 = 0. Let t be (-19)/(-38) - (-8381)/34. What is the highest common factor of t and o?
19
Let o = 93 + -89. Let p(u) = 6*u + 24. Let r be p(o). What is the greatest common divisor of r and 176?
16
Let g(o) = -5*o**2 + 3*o + 6. Let b be g(-1). Let i be (6 - (-936)/(-84))*21/b. Calculate the highest common factor of i and 42.
6
Let l be 85*3/(-33)*-11. Suppose 5*p + 25 = 0, -i - 5*p = -10 + 32. Suppose y = 4*y - 6, 2*v = i*y + 62. What is the greatest common factor of v and l?
17
Let z(c) = -5 + c + 4*c**2 - 3*c**2 + 6*c. Let n be z(-10). Let k = 102 - n. Calculate the greatest common divisor of k and 11.
11
Suppose 14498*j - 14499*j + 12 = 0. Calculate the greatest common factor of j and 18708.
12
Suppose 106*w = -427 + 28085 + 26402. Calculate the highest common divisor of w and 3230.
170
Let u be (14/(-3) - 3/(-18))/((-75)/100). Calculate the greatest common factor of u and 261.
3
Let p be (0 - 1)/(4*(-1)/(-112)). Let x be 2 - (p/7)/(1*-2). Suppose x = 3*o - f - 12, 22 = 5*o + 5*f - 6*f. What is the greatest common divisor of 1 and o?
1
Let o(b) = 197*b + 4551. Let d be o(-23). What is the highest common factor of 5650 and d?
10
Suppose 3*w + 7*o - 239 = 11*o, 3*o + 6 = 0. What is the highest common factor of 9625 and w?
77
Let d be (0 - -1)*3 + 735. Calculate the highest common divisor of d and 27.
9
Let l(s) = -s**2 + 2*s + 2052. Let h be l(46). What is the highest common divisor of h and 224?
28
Let m(j) = -21*j**3 + 55*j**2 + 50*j - 6. Let i be m(-1). What is the highest common factor of 3310 and i?
10
Let t(j) = -10*j - 2. Let o be t(-3). Let q = 1283 - 941. Let v = q + -230. Calculate the highest common factor of v and o.
28
Let m(f) = -7*f - 41. Let p be m(-32). Suppose -4*o - 20 = 0, 4*g = 2*o + o + p. Calculate the greatest common factor of g and 24.
6
Suppose 32*i = 6*i + 208. Suppose -i*f = -69 - 51. What is the greatest common divisor of 3 and f?
3
Let g = -411 - -481. Let u be (-1062)/413*g/(-6). Calculate the greatest common divisor of 250 and u.
10
Suppose -6*u = -46 - 38. Suppose u*f = 22*f - 376. What is the highest common divisor of f and 47?
47
Let s = 16137 - 16101. What is the greatest common factor of s and 906?
6
Let l(m) = m**2 - 3*m. Let z be l(5). Let v = -8685 - -8695. What is the greatest common factor of v and z?
10
Let r be (152/16 - 3)/((-1)/2). Let p = 12 + r. Let c be p*(-44)/16*8. What is the highest common factor of 2 and c?
2
Let a(m) = -m**2 - 4*m + 3. Let g be a(-5). Let z be 6*(-4)/(-60) + 7/(-5). Let w be (15 - (z - 0))*(-1)/g. Calculate the highest common factor of w and 8.
8
Let h be 141*33/((-363)/(-88)). What is the greatest common divisor of h and 423?
141
Suppose 33187 + 777 = 18*t - 2324. What is the highest common factor of t and 63?
63
Suppose -328 = -31*i - 51*i. Suppose -1995 = -8*h + 149. Calculate the highest common factor of i and h.
4
Let y = 233 - 215. Let u be 27/(-2 - (-38)/y). What is the highest common factor of 162 and u?
81
Let g = 3491 + -1282. Suppose -839*a + 870*a = 20243. Suppose -a - g = -6*i. Calculate the highest common divisor of 53 and i.
53
Let h(c) = c**3 + 4*c**2 + 7*c + 8. Let q be h(-2). Suppose -q*k = k - 768. Let o be k/7 - 4/7. What is the greatest common divisor of 24 and o?
12
Let v be 6*16/(-36)*-3. Let t(a) = -405 + 4*a + 0*a**3 + 10*a**2 + 410 - a**3. Let c be t(v). What is the greatest common factor of 33 and c?
33
Suppose 420 = 4*c + 3*a, -4*c = -5*c + 3*a + 105. Suppose -43 - 310 = k. Let g = k + 374. What is the highest common divisor of g and c?
21
Let y = 280 + -286. Let r be (-2523 - -3)/y + 2/(-1). Calculate the highest common divisor of r and 44.
22
Let j(o) = -o**3 - 11*o**2 - 7*o + 5. Let z be j(-10). Let g(r) = -r**2 - 31*r - 130. Let u be g(z). What is the greatest common divisor of 20 and u?
20
Let r(d) = -11*d - 16. Let f(v) = 5*v + 9. Let b(y) = 9*f(y) + 4*r(y). Let s be b(-16). What is the highest common divisor of s and 7?
1
Suppose -3 = -m - 5*s - 12, 15 = -5*s. Let d(n) = 2*n**3 - 12*n**2 + 17*n - 11. Let u be d(m). Calculate the greatest common divisor of u and 13.
13
Let z be (15/5 + -18)*3/(-5). Suppose -5*w + 393 = -12. Calculate the greatest common factor of z and w.
9
Let a(k) = k**2 + 4*k + 2. Let v be a(-4). Suppose -550 - 35 = -9*d. Let g be 1 + (-1 + 2)/(13/d). Calculate the highest common factor of g and v.
2
Suppose 5*u = 367 + 18. Suppose -7*d = -23*d + 64. Suppose 2*k + 14 = d*k. Calculate the highest common divisor of u and k.
7
Let g be 43/15 - (665/75 - 9). Suppose g*i = -i - 4*n + 144, -87 = -2*i + 3*n. Calculate the greatest common divisor of i and 3.
3
Let r be 293 - 13/13*36/(-4). What is the greatest common divisor of 8909 and r?
151
Let o = -11951 - -41426. Calculate the highest common divisor of 225 and o.
225
Let n = 667 - 557. Let t be 0 + -2 - (-24 + -8). What is the highest common factor of n and t?
10
Suppose -5*k + 4*g = -44, -10 = -k - 0*g + 2*g. Let a be 11 + -14*k/16. What is the greatest common divisor of a and 68?
4
Let g = 1133 - 1116. Calculate the greatest common divisor of g and 3553.
17
Suppose 48 + 32 = 2*u. Let t(i) = 139*i - 109. Let g be t(1). What is the highest common divisor of g and u?
10
Let x = -23234 + 39243. Calculate the highest common divisor of 7 and x.
7
Let s be 69 - ((-2)/(-2))/(0 + -1). Suppose -122 - s = -6*a. Calculate the greatest common factor of a and 768.
32
Suppose -8372 = -5*b - 5972. Suppose -32 = -3*l + 2*l. Calculate the highest common factor of l and b.
32
Suppose -13*h + 12 = -7*h. Let m be ((-24)/(-14))/(h/7). Let n be 8*(-3)/((-9)/m). Calculate the highest common factor of 2 and n.
2
Let d(l) = -l**2 + 5*l + 49. Let b be d(10). Let v be (-1)/(b*1/33). Let p be 4/(2 + 20/(-11)). Calculate the greatest common factor of p and v.
11
Suppose -5*c + 229 = 2*s, 3*s + 41*c = 38*c + 348. Calculate the greatest common divisor of s and 846.
9
Let d = -55 - -237. Let j(h) = 4*h**2 + 4*h - 94. Let a be j(7). Suppose a = -2*v + 7*v. Calculate the highest common divisor of d and v.
26
Suppose -4*i = -0*i - 8. Suppose -i*l = -70 - 90. Let s = 105 - l. What is the highest common divisor of 275 and s?
25
Let y(s) = -74*s + 1794. Let h be y(24). Calculate the greatest common divisor of h and 4842.
18
Let y(h) = 993*h - 983. Let k be y(1). Calculate the highest common divisor of 2550 and k.
10
Let s(i) = 22*i + 1968. Let t be s(-87). Let j = 19 - -233. What is the highest common divisor of t and j?
18
Suppose -u = -6*u, 0 = -3*p + 2*u + 570. Let b(v) = -v**3 + 30*v**2 - 52*v - 55. Let m be b(28). Calculate the highest common divisor of p and m.
19
Let w be (5 - 10) + (60/90)/((-3)/(-594)). What is the highest common divisor of w and 4953?
127
Let y be (135/18 + (1 - 0))*10. Suppose 122 + y = 9*l. Let m = 143 + 18. What is the greatest common divisor of m and l?
23
Let d(o) = o - 3. Let p be d(3). Suppose -4*q - q + 90 = p. Suppose 632 = 4*f - y + 625, -5*f + 15 = 5*y. Calculate the greatest common divisor of q and f.
2
Let i = 59 - 10. Let f be 16/24 + 498/9. What is the highest common divisor of i and f?
7
Let g = 373 + -369. Let r(w) = 2*w**3 + 3*w**2 - 10*w + 7. Let v be r(g). Calculate the highest common factor of v and 26.
13
Let v(t) = 5*t**3 + 4*t - t - 3*t**3 - 63*t**2 - 14 + 54*t**2. Let a be v(6). Calculate the highest common divisor of a and 84.
28
Let p(g) = 2*g**3 - 28*g**2 - 25*g - 28. Let n(o) = -o**2 + 12*o - 17. Let v be n(4). Let j be p(v). What is the greatest common divisor of 47 and j?
47
Suppose 96*w - 109*w - 42 + 315 = 0. Suppose 0 - 6 = -2*v. Calculate the highest common factor of v and w.
3
Let h = 491 + -475. Let p(s) = 18*s - 18. Let d be p(h). What is the greatest common factor of d and 10?
10
Let d(p) = 43*p - 48*p + 29 + 28*p**2 + 26*p + 67. Let g be d(-4). What is the greatest common divisor of 40 and g?
20
Let b(u) = 64*u**2 + 34*u + 178. Let c be b(-6). Suppose -5*z - c = -4*y - 10*z, -563 = -y + 2*z. Calculate the greatest common divisor 